
Suppose 207 = 11*l + 9. Calculate the highest common factor of 414 and l.
18
Let i be (3/2 - 1)/((-1)/(-8)). Suppose 0 = 2*k + p - 34, 5*k - 82 = -0*k - i*p. What is the greatest common divisor of k and 54?
18
Let f(j) = 4*j**2 + 10*j - 15. Let d be f(-4). Calculate the highest common divisor of 21 and d.
3
Let f = 68 - 28. Suppose 4*z = 3*p + 7, 0 = 20*z - 17*z + 4*p - 24. Calculate the highest common factor of z and f.
4
Let j be (-4)/10 + (-96)/(-15). Suppose 0 = 19*v - 236 - 49. Calculate the highest common divisor of j and v.
3
Let f = 96 - 64. Calculate the greatest common divisor of f and 1.
1
Let v(f) = 0*f**2 - 2 - 5*f**2 + f - f**3 - 2*f. Let a be v(-6). Let y = -129 + 137. Calculate the highest common factor of a and y.
8
Let u be 77 - ((-3)/9)/(11/99). Calculate the greatest common factor of 60 and u.
20
Let v = 87 - 94. Let k(n) = 4*n**2 - 1. Let x be k(3). Let i be (-2)/v - (-305)/x. Calculate the greatest common factor of 63 and i.
9
Let c(x) = 63*x - 803. Let v be c(13). What is the highest common divisor of 56 and v?
8
Suppose 2962*a - 2963*a = -8. What is the greatest common factor of 184 and a?
8
Let i = -6 + -16. Let f be (561/i)/(0 - 9/12). What is the greatest common factor of f and 374?
34
Let d = -27 - -76. Suppose 7*s = 2*s + 85. Suppose -11 = 2*h - 5*r - 0, -h + s = 2*r. What is the highest common divisor of h and d?
7
Suppose 15 = -n + 4*i - i, 0 = -4*n + 5*i - 67. Let k = n - -28. Let h be k/2*(-30)/(-25). What is the highest common divisor of h and 6?
6
Let j(v) = v**2 - 9*v + 40. Let n be j(5). Suppose w - 3 - 12 = 0. What is the greatest common factor of w and n?
5
Let i(u) = -5*u - 17. Let v be i(-7). Let s be -2 + 1 - -2 - -1. Let y be s/7 + (-244)/(-28). Calculate the highest common factor of v and y.
9
Suppose 4*p - 9 = 7. Let j = 30 - 2. What is the greatest common divisor of j and p?
4
Suppose -2*q + 0*q - 110 = -5*x, 3*x - 66 = -q. Calculate the highest common factor of 55 and x.
11
Let p(n) = -n**2 - 19*n - 26. Let k be p(-15). Let l = 76 - k. Calculate the greatest common factor of 168 and l.
42
Let q(x) = x + 5. Let s be q(4). Suppose 5*o - 20 = -5. Suppose 75 = d + 3*k, o*d - k - 164 = d. Calculate the greatest common divisor of d and s.
9
Let o be (-24)/4*(-28)/24. Suppose 7*l - o - 49 = 0. Suppose l*b - 9*b + 25 = 0. Calculate the highest common factor of 25 and b.
25
Let i = -15 - -26. Let r(y) = 2*y**3 - 7*y**2 - 5*y + 5. Suppose -6*u + 5*u = -4. Let q be r(u). What is the greatest common divisor of i and q?
1
Let w = 699 + -687. Calculate the highest common factor of w and 27.
3
Suppose 4*t + t = 75. Let f = 69 - 39. Calculate the highest common divisor of t and f.
15
Let c(s) = -s**3 + s**2 - 2*s - 4. Let v be c(4). Let j = v + 78. What is the greatest common factor of 9 and j?
9
Suppose 3*q + 5*q = 3*q. Suppose q = 6*m - m - 55. Calculate the highest common divisor of m and 77.
11
Suppose a = -2*y + 83, -3*a + 8*a - 5*y = 355. What is the greatest common factor of 15 and a?
15
Let s be (-57)/6*(-9)/(27/(-6)). Let r = s - -50. What is the highest common factor of 124 and r?
31
Let i = 817 - 647. What is the greatest common divisor of i and 30?
10
Let g(l) = -l**2 - 14*l + 8. Let n be g(-13). Suppose 2*y - 3*h - 153 = 0, -42 = 3*y + 2*h - 304. What is the highest common divisor of y and n?
21
Let q = 81 + -40. Let u = 64 - q. Calculate the greatest common factor of u and 69.
23
Let z(k) = -3*k + 164. Let v be z(44). Suppose 3*g + 2*l = -3*l + 169, -207 = -4*g - 3*l. Calculate the greatest common factor of v and g.
16
Let s(b) = -6*b**2 + 67*b - 28. Let g be s(10). Calculate the greatest common factor of g and 861.
21
Suppose 3*y - 16 = -y. Suppose -y*l + 3*l = -12. Let b(s) = s**3 + 11*s**2 + 11*s - 8. Let w be b(-8). What is the greatest common divisor of l and w?
12
Suppose -k + 5*k = -c + 1892, k = -5*c + 492. What is the highest common divisor of k and 20?
4
Let m = 27 + 1. Suppose -17*t + 19*t = m. What is the highest common divisor of 28 and t?
14
Suppose 5*h = 2*d + 319, -7*h = -h + 4*d - 402. What is the greatest common factor of h and 91?
13
Suppose -4*r + 2*r + 24 = 0. Suppose 20*u - 16*u - r = 0. Let j be (2/(-6))/((-1)/6). Calculate the greatest common divisor of u and j.
1
Let n be (-6 - -2)*(-12)/8. Calculate the greatest common factor of n and 66.
6
Let b(p) = -39*p**3 + 2*p + 1. Let i be b(-1). Let m = -8198 + 8200. Calculate the greatest common divisor of m and i.
2
Suppose 5*i - 2*l = -7*l + 115, 0 = 5*i + 2*l - 106. Let g be (0 + -54)*i/(-12). What is the greatest common factor of g and 18?
18
Let h be -1 + (-2 + -30)/(-2). Let v(k) = 10*k**2 + 2*k + 1. Suppose 5*u - 7 = 3. Let f be v(u). Calculate the highest common divisor of f and h.
15
Let m = 1034 + -704. Suppose -510 + 120 = -13*t. What is the highest common factor of t and m?
30
Let j be (-2 + 1 - 0)*-7. Let o = j - 3. Let x be 1/(-16)*2816/(-176). Calculate the highest common divisor of o and x.
1
Let y be 214/(160/72 + -2). Calculate the greatest common divisor of 9 and y.
9
Suppose n + 0 = -3*u - 1, 0 = 2*n + 2. Suppose -m + 0*r - 2*r + 164 = u, m - 172 = -4*r. Calculate the greatest common factor of 13 and m.
13
Let n = 59 + 74. Suppose -s = -j + 24, 0 = 5*j + 16*s - 20*s - 115. Calculate the highest common divisor of j and n.
19
Let z(i) = i + 3. Let b be z(-5). Let v be (-4 - 5/b)*-32. What is the highest common divisor of 32 and v?
16
Suppose 2*v + 4 = 3*p - p, 5*p = -2*v + 31. Suppose p*k - 1 = 39. Calculate the highest common factor of 32 and k.
8
Let y(o) = -2*o + 20. Let d be y(6). Suppose 0*i = 3*i - 72. What is the highest common divisor of d and i?
8
Suppose 0 = 3*u - 0*u - 6. Suppose -2 - 2 = -u*p. Suppose -8 = p*t, 2*y + 5*t = -2*y + 40. Calculate the highest common divisor of 6 and y.
3
Let n(x) = -75*x + 2202. Let y be n(26). Let q = -5 + -1. Let s(m) = -4*m + 4. Let h be s(q). Calculate the greatest common divisor of h and y.
28
Suppose -3*a + 6 = -4*x - 10, 2 = a + 2*x. Let j(r) = 5*r + 6. Let k be j(a). Let u = k + -18. Calculate the highest common factor of 20 and u.
4
Let y(r) = 46*r**2 - 13*r - 51. Let b be y(5). What is the greatest common divisor of b and 22?
22
Let a be ((-11)/(-1))/(2/(82/1)). What is the highest common divisor of a and 41?
41
Suppose -4*y + 29 = -79. Calculate the highest common divisor of y and 15.
3
Suppose -2*k = d - 26, 3*k - 150 = -5*d - 20. Calculate the highest common factor of d and 26.
26
Suppose -9*q = 4*a - 10*q - 356, -4*a + 5*q = -340. Let c be (7/(-4) + 1)*-24. Calculate the highest common divisor of c and a.
18
Let v = -155 - -182. Suppose 202 = o - 14. Calculate the greatest common factor of o and v.
27
Suppose 452 + 5323 = 25*x. Calculate the highest common divisor of x and 42.
21
Let o = -297 - -675. Let a = o - 270. Calculate the greatest common factor of 12 and a.
12
Suppose -703 = -3*x - 2*l, -214 = 3*x - 5*l - 882. Let r = 20 - -1. What is the highest common factor of x and r?
21
Let i = 13 + 251. Let f(n) = -n**3 + 7*n**2 + n - 18. Let t be f(6). Calculate the greatest common divisor of t and i.
24
Suppose -7*d + 894 = y - 187, y = d + 1049. What is the greatest common factor of 27 and y?
27
Let i(u) = -2*u**3 + 4*u**2 - 2*u + 9. Let m be i(-4). Calculate the highest common divisor of 19 and m.
19
Let r be -4 - ((-24)/(-4) - 2). Let x be (-21)/(2/(r/4)). Suppose y - x = -0*y. Calculate the greatest common factor of 7 and y.
7
Let n(h) = 5*h**2 - h - 3. Let o be n(-3). Suppose -5*x - 88 + 3 = -5*t, 2*x = t - 19. What is the highest common divisor of o and t?
15
Let q(t) = -t - 9. Let h be q(-11). Suppose -h*k + 15 + 39 = 0. What is the greatest common factor of k and 18?
9
Let z(o) = 3*o - 20. Let t(n) = -6*n + 40. Let u(l) = 6*t(l) + 11*z(l). Let k be u(0). Calculate the greatest common factor of k and 20.
20
Let y(w) = 0 + 2*w + w**3 - 4*w**2 + 2*w**3 + 2. Let q be (-3)/(3/(-6) + -1). Let l be y(q). What is the greatest common divisor of 112 and l?
14
Suppose -4*t - 11 = -3*m, -2*m + 0*m = -4*t - 10. Let k be (-4)/10 - (-94)/10. What is the highest common divisor of m and k?
1
Suppose l - 4*y = -3, -y + 0*y = 5*l - 69. Suppose -9*i - 460 = -l*i. Calculate the highest common factor of i and 23.
23
Let h(r) = 15*r - 519. Let b be h(37). Calculate th